e remainder when 596 is divided by 46.
44
What is the remainder when 2387 is divided by 299?
294
Calculate the remainder when 492 is divided by 481.
11
Calculate the remainder when 45 is divided by 13.
6
What is the remainder when 110 is divided by 63?
47
Calculate the remainder when 121 is divided by 107.
14
Calculate the remainder when 805 is divided by 39.
25
What is the remainder when 2771 is divided by 44?
43
Calculate the remainder when 2003 is divided by 250.
3
Calculate the remainder when 208 is divided by 28.
12
Calculate the remainder when 1984 is divided by 11.
4
Calculate the remainder when 1547 is divided by 86.
85
What is the remainder when 1594 is divided by 11?
10
Calculate the remainder when 88 is divided by 53.
35
Calculate the remainder when 381 is divided by 97.
90
Calculate the remainder when 108 is divided by 7.
3
What is the remainder when 217 is divided by 55?
52
Calculate the remainder when 6728 is divided by 44.
40
Calculate the remainder when 1774 is divided by 48.
46
What is the remainder when 249 is divided by 136?
113
What is the remainder when 849 is divided by 45?
39
What is the remainder when 145 is divided by 22?
13
What is the remainder when 413 is divided by 51?
5
Calculate the remainder when 60 is divided by 8.
4
Calculate the remainder when 12463 is divided by 9.
7
Calculate the remainder when 675 is divided by 323.
29
Calculate the remainder when 125 is divided by 32.
29
What is the remainder when 7644 is divided by 85?
79
What is the remainder when 85 is divided by 78?
7
What is the remainder when 189 is divided by 174?
15
Calculate the remainder when 1809 is divided by 1.
0
What is the remainder when 41 is divided by 20?
1
What is the remainder when 1233 is divided by 90?
63
What is the remainder when 457 is divided by 92?
89
Calculate the remainder when 43 is divided by 11.
10
Calculate the remainder when 521 is divided by 10.
1
Calculate the remainder when 153 is divided by 50.
3
What is the remainder when 83 is divided by 42?
41
What is the remainder when 269 is divided by 36?
17
What is the remainder when 2641 is divided by 77?
23
What is the remainder when 135 is divided by 20?
15
What is the remainder when 1079 is divided by 3?
2
Calculate the remainder when 138 is divided by 31.
14
Calculate the remainder when 273 is divided by 47.
38
What is the remainder when 270 is divided by 13?
10
Calculate the remainder when 1503 is divided by 40.
23
What is the remainder when 23 is divided by 9?
5
Calculate the remainder when 30 is divided by 13.
4
Calculate the remainder when 754 is divided by 186.
10
Calculate the remainder when 4920 is divided by 45.
15
Calculate the remainder when 926 is divided by 29.
27
What is the remainder when 978 is divided by 18?
6
Calculate the remainder when 290 is divided by 43.
32
What is the remainder when 206 is divided by 23?
22
What is the remainder when 123 is divided by 37?
12
Calculate the remainder when 6663 is divided by 202.
199
What is the remainder when 208 is divided by 105?
103
Calculate the remainder when 144 is divided by 4.
0
Calculate the remainder when 129 is divided by 15.
9
What is the remainder when 1398 is divided by 35?
33
Calculate the remainder when 149 is divided by 54.
41
Calculate the remainder when 86 is divided by 19.
10
Calculate the remainder when 501 is divided by 120.
21
Calculate the remainder when 178 is divided by 10.
8
Calculate the remainder when 3521 is divided by 15.
11
What is the remainder when 824 is divided by 69?
65
What is the remainder when 853 is divided by 827?
26
What is the remainder when 22 is divided by 22?
0
What is the remainder when 476 is divided by 142?
50
What is the remainder when 616 is divided by 201?
13
Calculate the remainder when 80 is divided by 18.
8
Calculate the remainder when 185 is divided by 11.
9
What is the remainder when 145 is divided by 18?
1
What is the remainder when 586 is divided by 76?
54
Calculate the remainder when 499 is divided by 39.
31
What is the remainder when 4032 is divided by 252?
0
What is the remainder when 3 is divided by 2?
1
What is the remainder when 341 is divided by 7?
5
Calculate the remainder when 2209 is divided by 10.
9
What is the remainder when 88 is divided by 71?
17
What is the remainder when 285 is divided by 11?
10
Calculate the remainder when 2383 is divided by 77.
73
Calculate the remainder when 1608 is divided by 244.
144
Calculate the remainder when 118 is divided by 17.
16
What is the remainder when 345 is divided by 105?
30
What is the remainder when 449 is divided by 42?
29
Calculate the remainder when 714 is divided by 182.
168
Calculate the remainder when 104 is divided by 12.
8
Calculate the remainder when 240 is divided by 238.
2
Calculate the remainder when 748 is divided by 50.
48
Calculate the remainder when 42 is divided by 7.
0
Calculate the remainder when 723 is divided by 4.
3
Calculate the remainder when 391 is divided by 127.
10
What is the remainder when 274 is divided by 54?
4
Calculate the remainder when 150 is divided by 39.
33
Calculate the remainder when 1877 is divided by 47.
44
What is the remainder when 384 is divided by 48?
0
Calculate the remainder when 374 is divided by 29.
26
What is the remainder when 35 is divided by 14?
7
What is the remainder when 38 is divided by 7?
3
What is the remainder when 292 is divided by 4?
0
What is the remainder when 284 is divided by 65?
24
What is the remainder when 17 is divided by 2?
1
What is the remainder when 103 is divided by 26?
25
What is the remainder when 1040 is divided by 174?
170
Calculate the remainder when 174 is divided by 84.
6
Calculate the remainder when 1486 is divided by 739.
8
Calculate the remainder when 182 is divided by 53.
23
Calculate the remainder when 1763 is divided by 98.
97
What is the remainder when 123 is divided by 24?
3
Calculate the remainder when 1217 is divided by 205.
192
Calculate the remainder when 2551 is divided by 16.
7
Calculate the remainder when 539 is divided by 68.
63
Calculate the remainder when 269 is divided by 15.
14
What is the remainder when 303 is divided by 97?
12
Calculate the remainder when 75 is divided by 19.
18
Calculate the remainder when 479 is divided by 74.
35
What is the remainder when 159 is divided by 135?
24
Calculate the remainder when 390 is divided by 131.
128
What is the remainder when 130 is divided by 50?
30
Calculate the remainder when 146 is divided by 4.
2
Calculate the remainder when 353 is divided by 175.
3
Calculate the remainder when 148 is divided by 24.
4
What is the remainder when 869 is divided by 108?
5
What is the remainder when 23 is divided by 5?
3
What is the remainder when 141 is divided by 23?
3
Calculate the remainder when 1402 is divided by 102.
76
What is the remainder when 939 is divided by 158?
149
What is the remainder when 1367 is divided by 38?
37
Calculate the remainder when 896 is divided by 815.
81
Calculate the remainder when 206 is divided by 70.
66
What is the remainder when 117 is divided by 108?
9
What is the remainder when 1418 is divided by 201?
11
What is the remainder when 268 is divided by 55?
48
What is the remainder when 160 is divided by 82?
78
What is the remainder when 383 is divided by 23?
15
Calculate the remainder when 1407 is divided by 1392.
15
What is the remainder when 2161 is divided by 7?
5
Calculate the remainder when 42 is divided by 13.
3
Calculate the remainder when 237 is divided by 50.
37
What is the remainder when 2200 is divided by 21?
16
Calculate the remainder when 238 is divided by 46.
8
Calculate the remainder when 489 is divided by 49.
48
What is the remainder when 1469 is divided by 375?
344
What is the remainder when 2940 is divided by 27?
24
Calculate the remainder when 316 is divided by 67.
48
Calculate the remainder when 9944 is divided by 51.
50
Calculate the remainder when 760 is divided by 70.
60
What is the remainder when 350 is divided by 99?
53
Calculate the remainder when 9987 is divided by 9.
6
Calculate the remainder when 180 is divided by 46.
42
Calculate the remainder when 1564 is divided by 15.
4
Calculate the remainder when 1589 is divided by 528.
5
What is the remainder when 743 is divided by 8?
7
Calculate the remainder when 74 is di